{"id":1789,"date":"2024-10-28T13:55:08","date_gmt":"2024-10-28T13:55:08","guid":{"rendered":"https:\/\/aecolos.edu.gov.pt\/?page_id=1789"},"modified":"2025-03-06T12:10:53","modified_gmt":"2025-03-06T12:10:53","slug":"projeto-cultural-de-escola","status":"publish","type":"page","link":"https:\/\/aecolos.edu.gov.pt\/?page_id=1789","title":{"rendered":"Projeto Cultural de Escola"},"content":{"rendered":"\n<p>O Minist\u00e9rio da Cultura e o Minist\u00e9rio da Educa\u00e7\u00e3o criaram um compromisso cultural que se consubstanciou no Plano Nacional das Artes \u2013 PNA, com a miss\u00e3o de promover a transforma\u00e7\u00e3o social, mobilizando o poder educativo das artes e do patrim\u00f3nio na vida dos cidad\u00e3os. O PNA \u00e9 comissariado por Paulo Pires do Vale.<\/p>\n\n\n\n<p>Como afirmou Sophia de Mello Breyner Andresen \u00ab(\u2026) a cultura n\u00e3o \u00e9 um luxo de privilegiados, mas uma necessidade fundamental de todos os homens e de todas as comunidades. A cultura n\u00e3o existe para enfeitar a vida, mas sim para a transformar \u2013 para que o homem possa construir-se em consci\u00eancia, em verdade e liberdade e em justi\u00e7a (\u2026)\u00bb.<\/p>\n\n\n\n<p>O Agrupamento de Escolas de Colos, perante t\u00e3o grande desafio, criou um Projeto Cultural de Escola \u2013 PCE \u2013 cujo tema \u00e9&nbsp;<strong>\u201cTerrit\u00f3rio como espa\u00e7o de aprendizagem e desenvolvimento humano\u201d<\/strong>.&nbsp;<\/p>\n\n\n\n<h3 class=\"wp-block-heading\">\u200bObjetivos:\u200b<\/h3>\n\n\n\n<ul class=\"wp-block-list\">\n<li>&#8220;Indisciplinar&#8221; a escola (levar os nossos alunos a pensar\/criticar\/criar\/agir)<\/li>\n\n\n\n<li>Consolidar a ID &#8211; Identidade Cultural do Agrupamento<\/li>\n\n\n\n<li>Usar a Arte e a Cultura como estrat\u00e9gias de aprendizagem e inclus\u00e3o<\/li>\n\n\n\n<li>Desenvolver o gosto pelas aprendizagens<\/li>\n\n\n\n<li>Valorizar o territ\u00f3rio\/territ\u00f3rios de aprendizagem<\/li>\n\n\n\n<li>Desenvolver o sentido cr\u00edtico e criativo dos alunos<\/li>\n\n\n\n<li>Promover a colabora\u00e7\u00e3o entre a comunidade<\/li>\n\n\n\n<li>Envolver todo o agrupamento no Projeto Cultural de Escola<\/li>\n\n\n\n<li>Envolver os parceiros do agrupamento nesta miss\u00e3o<\/li>\n<\/ul>\n\n\n\n<p>Sendo um projeto desenvolvido numa Escola, \u00e9 essencial que em todas as suas fases se verifique a presen\u00e7a constante das preocupa\u00e7\u00f5es pedag\u00f3gicas e educativas. Esta \u00e9 tamb\u00e9m uma oportunidade para alterar e\/ou introduzir diferentes metodologias de ensino-aprendizagem, promovendo as aprendizagens a partir de experi\u00eancias culturais\/ambientais, em articula\u00e7\u00e3o com a pr\u00e1tica dos novos conhecimentos, na implementa\u00e7\u00e3o das a\u00e7\u00f5es propostas.<\/p>\n\n\n\n<p>No presente ano letivo (2022-2023), cont\u00e1mos com uma medida do PNA \u2013 Artista Residente. Assim, entre setembro e dezembro os artistas Pavel Tavares e Nat\u00e1lia Lis \u201cindisciplinaram\u201d a escola com movimento, imagem e som, tendo criado um filme sobre o nosso territ\u00f3rio e a nossa comunidade, cujo&nbsp;<em>thriller<\/em>&nbsp;estar\u00e1 brevemente dispon\u00edvel na p\u00e1gina do Agrupamento.<\/p>\n\n\n\n<p>Este \u00e9 apenas o in\u00edcio de um processo de interven\u00e7\u00e3o, que cabe a toda a comunidade e n\u00e3o apenas \u00e0 Escola; contamos com todos, para que todos possam intervir e \u201colhar\u201d o nosso territ\u00f3rio com uma nova din\u00e2mica.<\/p>\n\n\n\n<div class=\"wp-block-group is-vertical is-content-justification-center is-layout-flex wp-container-core-group-is-layout-4b2eccd6 wp-block-group-is-layout-flex\">\n<h5 class=\"wp-block-heading has-text-align-center\">Convidamo-vos a espreitar um pouco do que temos feito por c\u00e1.<\/h5>\n\n\n\n<div class=\"wp-block-buttons is-layout-flex wp-block-buttons-is-layout-flex\">\n<div class=\"wp-block-button\"><a class=\"wp-block-button__link wp-element-button\" href=\"https:\/\/aecolos.edu.gov.pt\/?page_id=1416\" target=\"_blank\" rel=\"noreferrer noopener\">Clique aqui<\/a><\/div>\n<\/div>\n\n\n\n<div class=\"wp-block-group is-content-justification-center is-nowrap is-layout-flex wp-container-core-group-is-layout-94bc23d7 wp-block-group-is-layout-flex\">\n<div class=\"wp-block-group is-vertical is-content-justification-center is-layout-flex wp-container-core-group-is-layout-4b2eccd6 wp-block-group-is-layout-flex\">\n<div class=\"wp-block-columns alignwide has-small-font-size is-layout-flex wp-container-core-columns-is-layout-9d6595d7 wp-block-columns-is-layout-flex\">\n<div class=\"wp-block-column is-vertically-aligned-top is-layout-flow wp-block-column-is-layout-flow\" style=\"flex-basis:100%\">\n<div class=\"wp-block-group alignwide has-small-font-size is-vertical is-content-justification-center is-layout-flex wp-container-core-group-is-layout-4b2eccd6 wp-block-group-is-layout-flex\">\n<div class=\"wp-block-columns is-layout-flex wp-container-core-columns-is-layout-9d6595d7 wp-block-columns-is-layout-flex\">\n<div class=\"wp-block-column is-layout-flow wp-block-column-is-layout-flow\"><\/div>\n<\/div>\n<\/div>\n<\/div>\n<\/div>\n<\/div>\n<\/div>\n<\/div>\n","protected":false},"excerpt":{"rendered":"<p>O Minist\u00e9rio da Cultura e o Minist\u00e9rio da Educa\u00e7\u00e3o criaram um compromisso cultural que se consubstanciou no Plano Nacional das Artes \u2013 PNA, com a miss\u00e3o de promover a transforma\u00e7\u00e3o &#8230;<\/p>\n","protected":false},"author":3,"featured_media":0,"parent":0,"menu_order":0,"comment_status":"closed","ping_status":"closed","template":"","meta":{"pgc_sgb_lightbox_settings":"","footnotes":""},"class_list":["post-1789","page","type-page","status-publish","hentry"],"_links":{"self":[{"href":"https:\/\/aecolos.edu.gov.pt\/index.php?rest_route=\/wp\/v2\/pages\/1789","targetHints":{"allow":["GET"]}}],"collection":[{"href":"https:\/\/aecolos.edu.gov.pt\/index.php?rest_route=\/wp\/v2\/pages"}],"about":[{"href":"https:\/\/aecolos.edu.gov.pt\/index.php?rest_route=\/wp\/v2\/types\/page"}],"author":[{"embeddable":true,"href":"https:\/\/aecolos.edu.gov.pt\/index.php?rest_route=\/wp\/v2\/users\/3"}],"replies":[{"embeddable":true,"href":"https:\/\/aecolos.edu.gov.pt\/index.php?rest_route=%2Fwp%2Fv2%2Fcomments&post=1789"}],"version-history":[{"count":14,"href":"https:\/\/aecolos.edu.gov.pt\/index.php?rest_route=\/wp\/v2\/pages\/1789\/revisions"}],"predecessor-version":[{"id":2689,"href":"https:\/\/aecolos.edu.gov.pt\/index.php?rest_route=\/wp\/v2\/pages\/1789\/revisions\/2689"}],"wp:attachment":[{"href":"https:\/\/aecolos.edu.gov.pt\/index.php?rest_route=%2Fwp%2Fv2%2Fmedia&parent=1789"}],"curies":[{"name":"wp","href":"https:\/\/api.w.org\/{rel}","templated":true}]}}

<p>O Ministério da Cultura e o Ministério da Educação criaram um compromisso cultural que se consubstanciou no Plano Nacional das Artes – PNA, com a missão de promover a transformação social, mobilizando o poder educativo das artes e do património na vida dos cidadãos. O PNA é comissariado por Paulo Pires do Vale.</p>



<p>Como afirmou Sophia de Mello Breyner Andresen «(…) a cultura não é um luxo de privilegiados, mas uma necessidade fundamental de todos os homens e de todas as comunidades. A cultura não existe para enfeitar a vida, mas sim para a transformar – para que o homem possa construir-se em consciência, em verdade e liberdade e em justiça (…)».</p>



<p>O Agrupamento de Escolas de Colos, perante tão grande desafio, criou um Projeto Cultural de Escola – PCE – cujo tema é&nbsp;<strong>“Território como espaço de aprendizagem e desenvolvimento humano”</strong>.&nbsp;</p>



<h3 class="wp-block-heading">​Objetivos:​</h3>



<ul class="wp-block-list">
<li>&#8220;Indisciplinar&#8221; a escola (levar os nossos alunos a pensar/criticar/criar/agir)</li>



<li>Consolidar a ID &#8211; Identidade Cultural do Agrupamento</li>



<li>Usar a Arte e a Cultura como estratégias de aprendizagem e inclusão</li>



<li>Desenvolver o gosto pelas aprendizagens</li>



<li>Valorizar o território/territórios de aprendizagem</li>



<li>Desenvolver o sentido crítico e criativo dos alunos</li>



<li>Promover a colaboração entre a comunidade</li>



<li>Envolver todo o agrupamento no Projeto Cultural de Escola</li>



<li>Envolver os parceiros do agrupamento nesta missão</li>
</ul>



<p>Sendo um projeto desenvolvido numa Escola, é essencial que em todas as suas fases se verifique a presença constante das preocupações pedagógicas e educativas. Esta é também uma oportunidade para alterar e/ou introduzir diferentes metodologias de ensino-aprendizagem, promovendo as aprendizagens a partir de experiências culturais/ambientais, em articulação com a prática dos novos conhecimentos, na implementação das ações propostas.</p>



<p>No presente ano letivo (2022-2023), contámos com uma medida do PNA – Artista Residente. Assim, entre setembro e dezembro os artistas Pavel Tavares e Natália Lis “indisciplinaram” a escola com movimento, imagem e som, tendo criado um filme sobre o nosso território e a nossa comunidade, cujo&nbsp;<em>thriller</em>&nbsp;estará brevemente disponível na página do Agrupamento.</p>



<p>Este é apenas o início de um processo de intervenção, que cabe a toda a comunidade e não apenas à Escola; contamos com todos, para que todos possam intervir e “olhar” o nosso território com uma nova dinâmica.</p>



<div class="wp-block-group is-vertical is-content-justification-center is-layout-flex wp-container-core-group-is-layout-4b2eccd6 wp-block-group-is-layout-flex">
<h5 class="wp-block-heading has-text-align-center">Convidamo-vos a espreitar um pouco do que temos feito por cá.</h5>



<div class="wp-block-buttons is-layout-flex wp-block-buttons-is-layout-flex">
<div class="wp-block-button"><a class="wp-block-button__link wp-element-button" href="https://aecolos.edu.gov.pt/?page_id=1416" target="_blank" rel="noreferrer noopener">Clique aqui</a></div>
</div>



<div class="wp-block-group is-content-justification-center is-nowrap is-layout-flex wp-container-core-group-is-layout-94bc23d7 wp-block-group-is-layout-flex">
<div class="wp-block-group is-vertical is-content-justification-center is-layout-flex wp-container-core-group-is-layout-4b2eccd6 wp-block-group-is-layout-flex">
<div class="wp-block-columns alignwide has-small-font-size is-layout-flex wp-container-core-columns-is-layout-9d6595d7 wp-block-columns-is-layout-flex">
<div class="wp-block-column is-vertically-aligned-top is-layout-flow wp-block-column-is-layout-flow" style="flex-basis:100%">
<div class="wp-block-group alignwide has-small-font-size is-vertical is-content-justification-center is-layout-flex wp-container-core-group-is-layout-4b2eccd6 wp-block-group-is-layout-flex">
<div class="wp-block-columns is-layout-flex wp-container-core-columns-is-layout-9d6595d7 wp-block-columns-is-layout-flex">
<div class="wp-block-column is-layout-flow wp-block-column-is-layout-flow"></div>
</div>
</div>
</div>
</div>
</div>
</div>
</div>

<p>O Ministério da Cultura e o Ministério da Educação criaram um compromisso cultural que se consubstanciou no Plano Nacional das Artes – PNA, com a missão de promover a transformação &#8230;</p>
