{"id":1556,"date":"2024-10-14T14:05:32","date_gmt":"2024-10-14T14:05:32","guid":{"rendered":"https:\/\/aecolos.edu.gov.pt\/?page_id=1556"},"modified":"2025-01-21T13:50:34","modified_gmt":"2025-01-21T13:50:34","slug":"contactos","status":"publish","type":"page","link":"https:\/\/aecolos.edu.gov.pt\/?page_id=1556","title":{"rendered":"Hor\u00e1rios e Contactos"},"content":{"rendered":"\n<h6 class=\"wp-block-heading\"><\/h6>\n\n\n\n<div class=\"wp-block-columns is-layout-flex wp-container-core-columns-is-layout-9d6595d7 wp-block-columns-is-layout-flex\">\n<div class=\"wp-block-column is-layout-flow wp-block-column-is-layout-flow\">\n<p class=\"has-black-color has-text-color has-link-color has-medium-font-size wp-elements-013e828d6334802630f45cb34bca72f0\"><strong>Hor\u00e1rio de Funcinamento<\/strong><\/p>\n\n\n\n<p class=\"has-black-color has-text-color has-link-color wp-elements-57f1575b8783f546bae36314b9e26b57\"><strong>Servi\u00e7os Administrativos<\/strong><\/p>\n\n\n\n<p>Per\u00edodo da manh\u00e3&nbsp; &#8211; 09:00h &#8211; 13:00h<\/p>\n\n\n\n<p>Per\u00edodo de almo\u00e7o&nbsp;&#8211; 13:00h &#8211; 14:00h\u200b\u200b\u200b&nbsp; &nbsp; &nbsp; &nbsp; &nbsp; &nbsp; &nbsp; &nbsp; &nbsp; &nbsp;<\/p>\n\n\n\n<p>Per\u00edodo da tarde &#8211; 14:00h &#8211; 17:00h\u200b\u200b\u200b<\/p>\n\n\n\n<p><\/p>\n\n\n\n<p class=\"has-black-color has-text-color has-link-color wp-elements-afc52ca3c1681e68be076bacf053c9bd\"><strong>\u200bBufete<\/strong><\/p>\n\n\n\n<p>Per\u00edodo da manh\u00e3&nbsp; &#8211; 08:00h &#8211; 12:00h<\/p>\n\n\n\n<p>Per\u00edodo de almo\u00e7o&nbsp;&#8211; 12:00h &#8211; 14:00h\u200b\u200b\u200b&nbsp; &nbsp; &nbsp; &nbsp; &nbsp; &nbsp; &nbsp; &nbsp; &nbsp; &nbsp;<\/p>\n\n\n\n<p>Per\u00edodo da tarde &#8211; 14:00h &#8211; 16:00h\u200b\u200b\u200b<\/p>\n<\/div>\n\n\n\n<div class=\"wp-block-column is-layout-flow wp-block-column-is-layout-flow\">\n<p class=\"has-medium-font-size\"><\/p>\n\n\n\n<p class=\"has-black-color has-text-color has-link-color wp-elements-6dd5be4a185fa9d458a63507da7b754a\"><strong>Papelaria<\/strong><\/p>\n\n\n\n<p>Per\u00edodo da manh\u00e3&nbsp; &#8211; 09:00h &#8211; 12:00h<\/p>\n\n\n\n<p>Per\u00edodo de almo\u00e7o&nbsp;&#8211; 12:00h &#8211; 14:30h\u200b\u200b\u200b&nbsp; &nbsp; &nbsp; &nbsp; &nbsp; &nbsp; &nbsp; &nbsp; &nbsp; &nbsp;<\/p>\n\n\n\n<p>Per\u00edodo da tarde &#8211; 14:30h &#8211; 16:00h\u200b\u200b\u200b<\/p>\n\n\n\n<p><\/p>\n\n\n\n<p class=\"has-black-color has-text-color has-link-color wp-elements-0c363043d5f092ccf0bff6533e0a2d1f\"><strong>\u200bBiblioteca<\/strong><\/p>\n\n\n\n<p>Hor\u00e1rio de Funcionamento&nbsp;&#8211;&nbsp;09:00h &#8211; 16:30\u200b\u200b\u200bh<\/p>\n\n\n\n<p><\/p>\n\n\n\n<p class=\"has-black-color has-text-color has-link-color wp-elements-694251c7bb421ba9caae2546d6812b3c\"><strong>Refeit\u00f3rio<\/strong><\/p>\n\n\n\n<p>Hor\u00e1rio de Funcionamento&nbsp;&#8211; 12:00h &#8211; 14:00h<\/p>\n<\/div>\n<\/div>\n\n\n\n<p class=\"has-black-color has-text-color has-link-color has-medium-font-size wp-elements-ccd15052d6530e40884f977c391e17ef\"><strong>Morada<\/strong><\/p>\n\n\n\n<p>Escola B\u00e1sica Aviador Brito Paes Largo Brito Paes 7630-329 Colos &#8211; Odemira<\/p>\n\n\n\n<div class=\"wp-block-columns is-layout-flex wp-container-core-columns-is-layout-9d6595d7 wp-block-columns-is-layout-flex\">\n<div class=\"wp-block-column is-layout-flow wp-block-column-is-layout-flow\" style=\"flex-basis:100%\">\n<div class=\"wp-block-gmap-gmap-block gmap-block-ij7zscgk\"><iframe src=\"https:\/\/maps.google.com\/maps?q=Escola+B%C3%A1sica+Aviador+Brito+Paes+Largo+Brito+Paes+7630-329+Colos+-+Odemira&amp;z=10&amp;t=roadmap&amp;output=embed\" class=\"embd-map\" title=\"Escola B\u00e1sica Aviador Brito Paes Largo Brito Paes 7630-329 Colos - Odemira\"><\/iframe><\/div>\n<\/div>\n<\/div>\n\n\n\n<div class=\"wp-block-columns is-layout-flex wp-container-core-columns-is-layout-9d6595d7 wp-block-columns-is-layout-flex\">\n<div class=\"wp-block-column is-layout-flow wp-block-column-is-layout-flow\">\n<p class=\"has-black-color has-text-color has-link-color has-medium-font-size wp-elements-c06a53c05d5dc21cc9d8ccbb0859fbc6\"><strong>Contactos<\/strong><\/p>\n<\/div>\n\n\n\n<div class=\"wp-block-column is-layout-flow wp-block-column-is-layout-flow\"><\/div>\n<\/div>\n\n\n\n<div class=\"wp-block-columns is-layout-flex wp-container-core-columns-is-layout-9d6595d7 wp-block-columns-is-layout-flex\">\n<div class=\"wp-block-column is-layout-flow wp-block-column-is-layout-flow\">\n<p>283 650 000<\/p>\n\n\n\n<p>927 992 826<\/p>\n\n\n\n<p>927 992 770<\/p>\n<\/div>\n\n\n\n<div class=\"wp-block-column is-layout-flow wp-block-column-is-layout-flow\">\n<p>direcao@aecolos.pt<\/p>\n\n\n\n<p>sa@aecolos.pt<\/p>\n<\/div>\n<\/div>\n\n\n<style id=\"wpforms-css-vars-1581-block-bc1530a4-b5ee-453b-b91c-05c2a2fedb13\">\n\t\t\t\t#wpforms-1581.wpforms-block-bc1530a4-b5ee-453b-b91c-05c2a2fedb13 {\n\t\t\t\t--wpforms-label-color: #262626;\n--wpforms-label-sublabel-color: #7f7f7f;\n--wpforms-label-error-color: #ff0000;\n--wpforms-page-break-color: #dddddd;\n--wpforms-field-border-radius: 0px;\n--wpforms-field-border-color: #cccccc;\n--wpforms-field-border-color-spare: #cccccc;\n--wpforms-field-text-color: #444444;\n--wpforms-button-border-style: solid;\n--wpforms-button-border-radius: 0px;\n--wpforms-button-background-color: #dddddd;\n--wpforms-button-text-color: #666666;\n--wpforms-button-border-color: #cccccc;\n--wpforms-field-size-input-height: 43px;\n--wpforms-field-size-input-spacing: 15px;\n--wpforms-field-size-font-size: 16px;\n--wpforms-field-size-line-height: 19px;\n--wpforms-field-size-padding-h: 14px;\n--wpforms-field-size-checkbox-size: 16px;\n--wpforms-field-size-sublabel-spacing: 5px;\n--wpforms-field-size-icon-size: 1;\n--wpforms-label-size-font-size: 14px;\n--wpforms-label-size-line-height: 17px;\n--wpforms-label-size-sublabel-font-size: 13px;\n--wpforms-label-size-sublabel-line-height: 16px;\n--wpforms-button-size-font-size: 14px;\n--wpforms-button-size-height: 37px;\n--wpforms-button-size-padding-h: 15px;\n--wpforms-button-size-margin-top: 5px;\n\t\t\t}\n\t\t\t<\/style><div class=\"wpforms-container wpforms-container-full wpforms-block wpforms-block-bc1530a4-b5ee-453b-b91c-05c2a2fedb13 wpforms-render-modern\" id=\"wpforms-1581\"><form id=\"wpforms-form-1581\" class=\"wpforms-validate wpforms-form wpforms-ajax-form\" data-formid=\"1581\" method=\"post\" enctype=\"multipart\/form-data\" action=\"\/index.php?rest_route=%2Fwp%2Fv2%2Fpages%2F1556\" data-token=\"2dece5025a9dde698eafef75c33652ef\" data-token-time=\"1777623898\"><noscript class=\"wpforms-error-noscript\">Please enable JavaScript in your browser to complete this form.<\/noscript><div id=\"wpforms-error-noscript\" style=\"display: none;\">Please enable JavaScript in your browser to complete this form.<\/div><div class=\"wpforms-field-container\"><div id=\"wpforms-1581-field_1-container\" class=\"wpforms-field wpforms-field-name\" data-field-id=\"1\"><label class=\"wpforms-field-label\" for=\"wpforms-1581-field_1\">Nome <span class=\"wpforms-required-label\" aria-hidden=\"true\">*<\/span><\/label><input type=\"text\" id=\"wpforms-1581-field_1\" class=\"wpforms-field-medium wpforms-field-required\" name=\"wpforms[fields][1]\" aria-errormessage=\"wpforms-1581-field_1-error\" required><\/div>\t\t<div id=\"wpforms-1581-field_4-container\"\n\t\t\tclass=\"wpforms-field wpforms-field-text\"\n\t\t\tdata-field-type=\"text\"\n\t\t\tdata-field-id=\"4\"\n\t\t\t>\n\t\t\t<label class=\"wpforms-field-label\" for=\"wpforms-1581-field_4\" >Coment\u00e1rio mensagem ou<\/label>\n\t\t\t<input type=\"text\" id=\"wpforms-1581-field_4\" class=\"wpforms-field-medium\" name=\"wpforms[fields][4]\" >\n\t\t<\/div>\n\t\t<div id=\"wpforms-1581-field_2-container\" class=\"wpforms-field wpforms-field-email\" data-field-id=\"2\"><label class=\"wpforms-field-label\" for=\"wpforms-1581-field_2\">Email <span class=\"wpforms-required-label\" aria-hidden=\"true\">*<\/span><\/label><input type=\"email\" id=\"wpforms-1581-field_2\" class=\"wpforms-field-medium wpforms-field-required\" name=\"wpforms[fields][2]\" spellcheck=\"false\" aria-errormessage=\"wpforms-1581-field_2-error\" required><\/div><div id=\"wpforms-1581-field_3-container\" class=\"wpforms-field wpforms-field-textarea\" data-field-id=\"3\"><label class=\"wpforms-field-label\" for=\"wpforms-1581-field_3\">Coment\u00e1rio ou mensagem<\/label><textarea id=\"wpforms-1581-field_3\" class=\"wpforms-field-medium\" name=\"wpforms[fields][3]\" aria-errormessage=\"wpforms-1581-field_3-error\" ><\/textarea><\/div><script>\n\t\t\t\t( function() {\n\t\t\t\t\tconst style = document.createElement( 'style' );\n\t\t\t\t\tstyle.appendChild( document.createTextNode( '#wpforms-1581-field_4-container { position: absolute !important; overflow: hidden !important; display: inline !important; height: 1px !important; width: 1px !important; z-index: -1000 !important; padding: 0 !important; } #wpforms-1581-field_4-container input { visibility: hidden; } #wpforms-conversational-form-page #wpforms-1581-field_4-container label { counter-increment: none; }' ) );\n\t\t\t\t\tdocument.head.appendChild( style );\n\t\t\t\t\tdocument.currentScript?.remove();\n\t\t\t\t} )();\n\t\t\t<\/script><\/div><!-- .wpforms-field-container --><div class=\"wpforms-submit-container\" ><input type=\"hidden\" name=\"wpforms[id]\" value=\"1581\"><input type=\"hidden\" name=\"page_title\" value=\"\"><input type=\"hidden\" name=\"page_url\" value=\"https:\/\/aecolos.edu.gov.pt\/index.php?rest_route=\/wp\/v2\/pages\/1556\"><input type=\"hidden\" name=\"url_referer\" value=\"\"><button type=\"submit\" name=\"wpforms[submit]\" id=\"wpforms-submit-1581\" class=\"wpforms-submit\" data-alt-text=\"Sending...\" data-submit-text=\"Submit\" aria-live=\"assertive\" value=\"wpforms-submit\">Submit<\/button><img loading=\"lazy\" decoding=\"async\" src=\"https:\/\/aecolos.edu.gov.pt\/wp-content\/plugins\/wpforms-lite\/assets\/images\/submit-spin.svg\" class=\"wpforms-submit-spinner\" style=\"display: none;\" width=\"26\" height=\"26\" alt=\"Loading\"><\/div><\/form><\/div>  <!-- .wpforms-container -->","protected":false},"excerpt":{"rendered":"<p>Hor\u00e1rio de Funcinamento Servi\u00e7os Administrativos Per\u00edodo da manh\u00e3&nbsp; &#8211; 09:00h &#8211; 13:00h Per\u00edodo de almo\u00e7o&nbsp;&#8211; 13:00h &#8211; 14:00h\u200b\u200b\u200b&nbsp; &nbsp; &nbsp; &nbsp; &nbsp; &nbsp; &nbsp; &nbsp; &nbsp; &nbsp; Per\u00edodo da tarde &#8230;<\/p>\n","protected":false},"author":1,"featured_media":0,"parent":0,"menu_order":0,"comment_status":"closed","ping_status":"closed","template":"","meta":{"pgc_sgb_lightbox_settings":"","footnotes":""},"class_list":["post-1556","page","type-page","status-publish","hentry"],"_links":{"self":[{"href":"https:\/\/aecolos.edu.gov.pt\/index.php?rest_route=\/wp\/v2\/pages\/1556","targetHints":{"allow":["GET"]}}],"collection":[{"href":"https:\/\/aecolos.edu.gov.pt\/index.php?rest_route=\/wp\/v2\/pages"}],"about":[{"href":"https:\/\/aecolos.edu.gov.pt\/index.php?rest_route=\/wp\/v2\/types\/page"}],"author":[{"embeddable":true,"href":"https:\/\/aecolos.edu.gov.pt\/index.php?rest_route=\/wp\/v2\/users\/1"}],"replies":[{"embeddable":true,"href":"https:\/\/aecolos.edu.gov.pt\/index.php?rest_route=%2Fwp%2Fv2%2Fcomments&post=1556"}],"version-history":[{"count":17,"href":"https:\/\/aecolos.edu.gov.pt\/index.php?rest_route=\/wp\/v2\/pages\/1556\/revisions"}],"predecessor-version":[{"id":2303,"href":"https:\/\/aecolos.edu.gov.pt\/index.php?rest_route=\/wp\/v2\/pages\/1556\/revisions\/2303"}],"wp:attachment":[{"href":"https:\/\/aecolos.edu.gov.pt\/index.php?rest_route=%2Fwp%2Fv2%2Fmedia&parent=1556"}],"curies":[{"name":"wp","href":"https:\/\/api.w.org\/{rel}","templated":true}]}}